{"id":475,"date":"2022-08-08T10:22:05","date_gmt":"2022-08-08T08:22:05","guid":{"rendered":"https:\/\/hedforall.eu\/dev\/?page_id=475"},"modified":"2022-12-29T18:08:13","modified_gmt":"2022-12-29T17:08:13","slug":"impact","status":"publish","type":"page","link":"https:\/\/hedforall.eu\/de\/impact\/","title":{"rendered":"Project &#8211; Impact"},"content":{"rendered":"<h2 class=\"wp-block-heading\"><strong>Bedeutung<\/strong><\/h2>\n\n\n\n<figure class=\"wp-block-image aligncenter size-full is-resized\"><img loading=\"lazy\" decoding=\"async\" src=\"https:\/\/hedforall.eu\/dev\/wp-content\/uploads\/2022\/12\/Screenshot-2022-12-07-alle-11.11.19.png\" alt=\"\" class=\"wp-image-1441\" width=\"158\" height=\"156\" srcset=\"https:\/\/hedforall.eu\/wp-content\/uploads\/2022\/12\/Screenshot-2022-12-07-alle-11.11.19.png 170w, https:\/\/hedforall.eu\/wp-content\/uploads\/2022\/12\/Screenshot-2022-12-07-alle-11.11.19-12x12.png 12w\" sizes=\"auto, (max-width: 158px) 100vw, 158px\" \/><\/figure>\n\n\n\n<hr class=\"wp-block-separator has-alpha-channel-opacity\"\/>\n\n\n\n<p><strong><strong>Die Ergebnisse des Projektes HEDforALL werden<\/strong>\u00a0<\/strong><\/p>\n\n\n\n<ol class=\"wp-block-list\">\n<li>die Bed\u00fcrfnisse von Studierenden mit Behinderung hinsichtlich barrierefreier Lehrmaterialien ber\u00fccksichtigen und sie w\u00e4hrend ihres Studiums unterst\u00fctzen.\u00a0<\/li>\n\n\n\n<li>zu einer Verbesserung der Hochschulen hinsichtlich der Bereitstellung hochwertiger barrierefreier Lehrmaterialien beitragen. Diese k\u00f6nnen auch beim (digitalen) Lernen auf Distanz zum Einsatz kommen.\u00a0<\/li>\n\n\n\n<li>einen Beitrag zur digitalen Transformation von Hochschulen leisten.\u00a0<\/li>\n\n\n\n<li>Lehrende in die Lage versetzen, digitale F\u00e4higkeiten und Schl\u00fcsselkompetenzen f\u00fcr die Erstellung barrierefreier Lehrmaterialien zu entwickeln.\u00a0<\/li>\n\n\n\n<li>die Lehrenden und Berater:innen f\u00fcr Barrierefreiheit\/Inklusion dabei unterst\u00fctzen, sich effektiv darauf vorzubereiten, Studierende mit Behinderung bei der Teilnahme an allen Bildungsangeboten zu unterst\u00fctzen und die universit\u00e4re Lehre hinsichtlich einer inklusiveren, gleichberechtigteren Bildung f\u00fcr alle weiterzuentwickeln.\u00a0<\/li>\n\n\n\n<li>zu einer inklusionsf\u00f6rderlichen Weiterentwicklung von Einstellungen, \u00dcberzeugungen, Wissen, F\u00e4higkeiten und Verhaltensweisen beitragen. Durch Sensibilisierung und Verbreitung innovativer Konzepte und Methoden, die zur Umsetzung von Inklusion beitragen, sollen in den EU-L\u00e4nder mehr Interaktion zwischen Studiernden mit und ohne Behinderung erm\u00f6glicht werden.\u00a0<\/li>\n<\/ol>\n\n\n\n<ol class=\"wp-block-list\"><\/ol>","protected":false},"excerpt":{"rendered":"<p>Impact On its completion, HEDforALL outcomes will:\u00a0<\/p>","protected":false},"author":8,"featured_media":0,"parent":0,"menu_order":0,"comment_status":"closed","ping_status":"closed","template":"","meta":{"footnotes":""},"class_list":["post-475","page","type-page","status-publish","hentry"],"_links":{"self":[{"href":"https:\/\/hedforall.eu\/de\/wp-json\/wp\/v2\/pages\/475","targetHints":{"allow":["GET"]}}],"collection":[{"href":"https:\/\/hedforall.eu\/de\/wp-json\/wp\/v2\/pages"}],"about":[{"href":"https:\/\/hedforall.eu\/de\/wp-json\/wp\/v2\/types\/page"}],"author":[{"embeddable":true,"href":"https:\/\/hedforall.eu\/de\/wp-json\/wp\/v2\/users\/8"}],"replies":[{"embeddable":true,"href":"https:\/\/hedforall.eu\/de\/wp-json\/wp\/v2\/comments?post=475"}],"version-history":[{"count":5,"href":"https:\/\/hedforall.eu\/de\/wp-json\/wp\/v2\/pages\/475\/revisions"}],"predecessor-version":[{"id":1460,"href":"https:\/\/hedforall.eu\/de\/wp-json\/wp\/v2\/pages\/475\/revisions\/1460"}],"wp:attachment":[{"href":"https:\/\/hedforall.eu\/de\/wp-json\/wp\/v2\/media?parent=475"}],"curies":[{"name":"wp","href":"https:\/\/api.w.org\/{rel}","templated":true}]}}

<h2 class="wp-block-heading"><strong>Bedeutung</strong></h2>



<figure class="wp-block-image aligncenter size-full is-resized"><img loading="lazy" decoding="async" src="https://hedforall.eu/dev/wp-content/uploads/2022/12/Screenshot-2022-12-07-alle-11.11.19.png" alt="" class="wp-image-1441" width="158" height="156" srcset="https://hedforall.eu/wp-content/uploads/2022/12/Screenshot-2022-12-07-alle-11.11.19.png 170w, https://hedforall.eu/wp-content/uploads/2022/12/Screenshot-2022-12-07-alle-11.11.19-12x12.png 12w" sizes="auto, (max-width: 158px) 100vw, 158px" /></figure>



<hr class="wp-block-separator has-alpha-channel-opacity"/>



<p><strong><strong>Die Ergebnisse des Projektes HEDforALL werden</strong> </strong></p>



<ol class="wp-block-list">
<li>die Bedürfnisse von Studierenden mit Behinderung hinsichtlich barrierefreier Lehrmaterialien berücksichtigen und sie während ihres Studiums unterstützen. </li>



<li>zu einer Verbesserung der Hochschulen hinsichtlich der Bereitstellung hochwertiger barrierefreier Lehrmaterialien beitragen. Diese können auch beim (digitalen) Lernen auf Distanz zum Einsatz kommen. </li>



<li>einen Beitrag zur digitalen Transformation von Hochschulen leisten. </li>



<li>Lehrende in die Lage versetzen, digitale Fähigkeiten und Schlüsselkompetenzen für die Erstellung barrierefreier Lehrmaterialien zu entwickeln. </li>



<li>die Lehrenden und Berater:innen für Barrierefreiheit/Inklusion dabei unterstützen, sich effektiv darauf vorzubereiten, Studierende mit Behinderung bei der Teilnahme an allen Bildungsangeboten zu unterstützen und die universitäre Lehre hinsichtlich einer inklusiveren, gleichberechtigteren Bildung für alle weiterzuentwickeln. </li>



<li>zu einer inklusionsförderlichen Weiterentwicklung von Einstellungen, Überzeugungen, Wissen, Fähigkeiten und Verhaltensweisen beitragen. Durch Sensibilisierung und Verbreitung innovativer Konzepte und Methoden, die zur Umsetzung von Inklusion beitragen, sollen in den EU-Länder mehr Interaktion zwischen Studiernden mit und ohne Behinderung ermöglicht werden. </li>
</ol>



<ol class="wp-block-list"></ol>
